2
Calculate the remainder when 12491 is divided by 1238.
111
Calculate the remainder when 1041947 is divided by 229.
226
Calculate the remainder when 65199 is divided by 694.
657
Calculate the remainder when 38688 is divided by 12856.
120
What is the remainder when 51604 is divided by 122?
120
What is the remainder when 7204 is divided by 116?
12
Calculate the remainder when 7613 is divided by 125.
113
Calculate the remainder when 169601 is divided by 218.
215
Calculate the remainder when 151758 is divided by 159.
72
What is the remainder when 4942 is divided by 3?
1
Calculate the remainder when 20563 is divided by 183.
67
What is the remainder when 442 is divided by 66?
46
What is the remainder when 28738 is divided by 3591?
10
Calculate the remainder when 1240578 is divided by 311.
310
What is the remainder when 155103 is divided by 63?
60
Calculate the remainder when 309519 is divided by 62.
15
What is the remainder when 2124 is divided by 272?
220
What is the remainder when 120504 is divided by 89?
87
What is the remainder when 403851 is divided by 40383?
21
What is the remainder when 1600 is divided by 132?
16
Calculate the remainder when 35781 is divided by 716.
697
Calculate the remainder when 1497 is divided by 115.
2
Calculate the remainder when 950892 is divided by 103.
99
What is the remainder when 145629 is divided by 888?
885
Calculate the remainder when 341 is divided by 287.
54
Calculate the remainder when 58795 is divided by 2938.
35
Calculate the remainder when 34808 is divided by 133.
95
What is the remainder when 2045748 is divided by 350?
348
What is the remainder when 59915 is divided by 139?
6
What is the remainder when 66846 is divided by 382?
378
Calculate the remainder when 25689 is divided by 768.
345
Calculate the remainder when 1241 is divided by 360.
161
What is the remainder when 882 is divided by 323?
236
Calculate the remainder when 4809505 is divided by 94.
89
Calculate the remainder when 36691 is divided by 3334.
17
What is the remainder when 1007 is divided by 8?
7
Calculate the remainder when 2546 is divided by 11.
5
Calculate the remainder when 161308 is divided by 1041.
994
Calculate the remainder when 969527 is divided by 21.
20
What is the remainder when 67838 is divided by 72?
14
What is the remainder when 8305 is divided by 287?
269
Calculate the remainder when 2226 is divided by 1111.
4
What is the remainder when 33142 is divided by 2549?
5
Calculate the remainder when 30407 is divided by 33.
14
Calculate the remainder when 13734 is divided by 6.
0
Calculate the remainder when 810266 is divided by 270079.
29
What is the remainder when 50103 is divided by 28?
11
Calculate the remainder when 709 is divided by 62.
27
Calculate the remainder when 2460 is divided by 566.
196
What is the remainder when 49326 is divided by 63?
60
Calculate the remainder when 27597 is divided by 203.
192
What is the remainder when 1042 is divided by 120?
82
Calculate the remainder when 16950 is divided by 1026.
534
Calculate the remainder when 4409 is divided by 180.
89
What is the remainder when 1128 is divided by 592?
536
What is the remainder when 1862 is divided by 459?
26
Calculate the remainder when 1892 is divided by 834.
224
What is the remainder when 2365646 is divided by 16?
14
Calculate the remainder when 184020 is divided by 271.
11
Calculate the remainder when 41084 is divided by 29.
20
Calculate the remainder when 19264 is divided by 167.
59
What is the remainder when 22272 is divided by 365?
7
What is the remainder when 75258 is divided by 284?
282
Calculate the remainder when 5875 is divided by 1949.
28
Calculate the remainder when 818 is divided by 27.
8
What is the remainder when 452 is divided by 102?
44
Calculate the remainder when 32295 is divided by 22.
21
Calculate the remainder when 160093 is divided by 209.
208
What is the remainder when 20698 is divided by 47?
18
Calculate the remainder when 19242 is divided by 112.
90
Calculate the remainder when 11226 is divided by 142.
8
Calculate the remainder when 77369 is divided by 19340.
9
What is the remainder when 65867 is divided by 527?
519
What is the remainder when 10608 is divided by 161?
143
Calculate the remainder when 64922 is divided by 178.
130
Calculate the remainder when 3829 is divided by 41.
16
Calculate the remainder when 206934 is divided by 59.
21
Calculate the remainder when 21096 is divided by 2339.
45
What is the remainder when 26078 is divided by 42?
38
Calculate the remainder when 13336 is divided by 13294.
42
Calculate the remainder when 4514 is divided by 88.
26
Calculate the remainder when 5216 is divided by 45.
41
What is the remainder when 36897 is divided by 12253?
138
What is the remainder when 14941 is divided by 4929?
154
What is the remainder when 69827 is divided by 14?
9
What is the remainder when 2218326 is divided by 49?
47
Calculate the remainder when 181251 is divided by 181238.
13
Calculate the remainder when 46256 is divided by 857.
835
Calculate the remainder when 146788 is divided by 278.
4
What is the remainder when 244958 is divided by 655?
643
Calculate the remainder when 2651029 is divided by 76.
73
Calculate the remainder when 29478 is divided by 18.
12
What is the remainder when 27388 is divided by 27361?
27
Calculate the remainder when 11913 is divided by 200.
113
Calculate the remainder when 13853 is divided by 693.
686
Calculate the remainder when 15453761 is divided by 13.
11
Calculate the remainder when 34622 is divided by 444.
434
What is the remainder when 3054 is divided by 1520?
14
What is the remainder when 391230 is divided by 20?
10
What is the remainder when 6449 is divided by 907?
100
Calculate the remainder when 15833 is divided by 79.
33
Calculate the remainder when 657722 is divided by 19.
18
Calculate the remainder when 1611 is divided by 707.
197
Calculate the remainder when 15511 is divided by 461.
298
Calculate the remainder when 378267 is divided by 850.
17
Calculate the remainder when 50591 is divided by 755.
6
Calculate the remainder when 7709 is divided by 68.
25
What is the remainder when 22105 is divided by 39?
31
What is the remainder when 15155 is divided by 153?
8
Calculate the remainder when 12742 is divided by 224.
198
What is the remainder when 248120 is divided by 958?
956
Calculate the remainder when 2843 is divided by 11.
5
What is the remainder when 2854 is divided by 2839?
15
What is the remainder when 5731 is divided by 1149?
1135
What is the remainder when 89171 is divided by 29718?
17
Calculate the remainder when 1911 is divided by 948.
15
What is the remainder when 324825 is divided by 39?
33
Calculate the remainder when 8486 is divided by 2788.
122
Calculate the remainder when 900521 is divided by 53.
51
Calculate the remainder when 302832 is divided by 14.
12
Calculate the remainder when 1261150 is divided by 116.
114
Calculate the remainder when 6983 is divided by 1396.
3
Calculate the remainder when 7358 is divided by 21.
8
What is the remainder when 31340 is divided by 7?
1
What is the remainder when 1082093 is divided by 6?
5
What is the remainder when 22616 is divided by 611?
9
Calculate the remainder when 1846 is divided by 894.
58
What is the remainder when 24118 is divided by 704?
182
Calculate the remainder when 249972 is divided by 33.
30
Calculate the remainder when 262366 is divided by 356.
350
Calculate the remainder when 88571 is divided by 49.
28
Calculate the remainder when 2192279 is divided by 2.
1
What is the remainder when 207448 is divided by 68?
48
Calculate the remainder when 33401 is divided by 128.
121
Calculate the remainder when 59671 is divided by 1126.
1119
What is the remainder when 5276 is divided by 1658?
302
What is the remainder when 23239 is divided by 166?
165
Calculate the remainder when 1945 is divided by 485.
5
Calculate the remainder when 28307 is divided by 4039.
34
Calculate the remainder when 14846 is divided by 34.
22
Calculate the remainder when 6717 is divided by 3208.
301
Calculate the remainder when 29492 is divided by 194.
4
What is the remainder when 3855 is divided by 819?
579
Calculate the remainder when 16681 is divided by 67.
65
What is the remainder when 440 is divided by 42?
20
What is the remainder when 16